n factor of 5 and a.
5
Let y be (378/(-112))/(6/(-32)). Calculate the highest common divisor of y and 324.
18
Let a be (-6)/10 + 240/25. Let u be (-3234)/(-44) - 6/4. What is the highest common factor of u and a?
9
Suppose -2*d + 370 = 338. Calculate the highest common factor of d and 112.
16
Suppose -2809 = -18*r - 811. Let h be -2 + 1 - 15*-5. Calculate the greatest common divisor of r and h.
37
Let r be 2562/56 + 24/(-32). Calculate the greatest common divisor of 315 and r.
45
Let q = -115 - -211. Calculate the greatest common divisor of 60 and q.
12
Suppose -75 - 282 = 21*d - 1722. Let w be (0 - 76)/(-2) - -1. Calculate the highest common divisor of d and w.
13
Let v = 194 + -97. Suppose 0 = 2*d - 4*y + 1 - v, 3*y = -3*d + 171. Suppose -2*j + 100 = -d. What is the highest common divisor of j and 7?
7
Suppose -4*g + 3*m - 34 = 5*m, -4*g - 39 = 3*m. Let d(n) = -7*n - 30. Let a be d(g). What is the highest common divisor of a and 4?
4
Suppose -4*k = 7 - 115. Calculate the highest common divisor of k and 3.
3
Suppose 4*m = 167 + 229. Let p = -105 - -110. Suppose 0 = -6*u + 61 + p. What is the highest common factor of u and m?
11
Suppose 286 = 20*i - 7*i. Calculate the highest common factor of i and 1166.
22
Let v = 91 - 21. Let l be (3/(-2))/((-5)/50). Suppose 0 = -r + l*r - 392. Calculate the greatest common factor of v and r.
14
Suppose -618 = -4*m - 6*b + 1448, -5*b = 5*m - 2575. What is the highest common divisor of 32 and m?
32
Let x = -524 + 544. What is the highest common divisor of 220 and x?
20
Let s(l) = 21*l - 288. Let x be s(14). Let r = 12 - 0. Calculate the greatest common divisor of r and x.
6
Let p(n) = n**2 - 14*n - 48. Let r be p(-6). Calculate the greatest common factor of 738 and r.
18
Let y be (2 - 13/(-5) - 5)*-370. Calculate the greatest common factor of 74 and y.
74
Let t(k) = k**2 + 25. Let g be t(0). What is the greatest common factor of 175 and g?
25
Suppose -5*t + n + 82 - 4 = 0, -2*t + 27 = n. Calculate the greatest common factor of t and 240.
15
Let x(t) = -21*t + 9. Let a be x(5). Let z = a + 172. Calculate the highest common divisor of z and 38.
38
Suppose -31*j = -26*j - 185. Calculate the highest common divisor of j and 37.
37
Let h be 618/8 + (-2)/8. Let r be (4 + 7)/(2/(-8)). Let k = -33 - r. Calculate the greatest common factor of h and k.
11
Suppose 5*n - 4*f = 124, n = 6*n - 3*f - 128. What is the greatest common divisor of 308 and n?
28
Let h = 331 + -315. What is the highest common divisor of 136 and h?
8
Let s(z) be the second derivative of z**3/6 + 47*z**2 - 25*z. Let n be s(0). What is the highest common divisor of 235 and n?
47
Suppose 0 = -3*s + 4*i + 27, 5 - 23 = -2*s + 5*i. Suppose 5*y = y + 72. Calculate the greatest common factor of y and s.
9
Suppose -w + 56 = 5*f - 22, 0 = 5*f + 3*w - 74. Suppose n = -f + 34. Calculate the highest common factor of 90 and n.
18
Let u = 287 + -217. Let q be (-112)/6 - (-4)/6. Let b be (-2)/(-9) - 176/q. Calculate the highest common divisor of b and u.
10
Suppose -4*a - 6 = -5*a. Suppose -o - 5*s + 23 = 0, 0 = -o + 3*s - a*s + 17. Suppose 11*u - o*u = 42. What is the greatest common divisor of u and 126?
14
Let d(w) = w - 4*w - w**3 - 4 + 5*w**2 + 2*w. Let u be d(4). Suppose 2*q - 4*t - 58 = -2, 2*t - u = -q. Calculate the greatest common factor of q and 36.
18
Let z(a) = -4*a + 1. Let j be z(-1). Let s be (5*-6)/(-2*(-12)/(-32)). Calculate the greatest common factor of s and j.
5
Let u be -6 + (105/(-9) + -1)*-132. What is the greatest common factor of u and 196?
98
Suppose 0 = -2*p + 4*j + 170, 3*p - 228 = 13*j - 16*j. Calculate the highest common factor of 237 and p.
79
Let y(i) = i**3 + 16*i**2 + 40*i + 9. Let g be y(-9). Calculate the highest common divisor of g and 48.
24
Let k be ((-12)/(-3))/(4/(-24)*-4). Suppose 5*s - 80 = -5*m, -5*s + 78 = -m + 4*m. What is the highest common divisor of k and s?
3
Let y be (1 - 0)/(3/15). Let r be (-3)/((-3)/y)*4. Let q = r + -10. What is the greatest common factor of q and 90?
10
Suppose -4*z + 3*v - v + 58 = 0, 15 = -3*v. Let d(t) = -z*t + 1 - 8 + 4. Let p be d(-9). Calculate the greatest common factor of p and 42.
21
Let l be 0 - -3 - 2 - -63. Suppose -l = -2*d + 26. Let t(x) = x**3 - 15*x**2 - 34*x + 15. Let g be t(17). Calculate the highest common factor of g and d.
15
Let j(s) = s**2 + 3*s - 4. Let m be j(-4). Let u be m + 3/3*2. Suppose -u*n + 2 = -0*n. What is the greatest common divisor of 3 and n?
1
Let s = -8 + 11. Suppose -n + s*n = 418. Suppose j - 6*j = -95. Calculate the greatest common factor of n and j.
19
Let s be (0 - -13)/1*-1. Let p = s + 24. Let f = -287 - -331. What is the highest common divisor of f and p?
11
Let z(p) = -6 - 3*p + p**3 - 5 + 9 - 2*p. Let w be z(3). Calculate the greatest common divisor of w and 80.
10
Let p(t) be the second derivative of t**3/6 + 5*t**2/2 + 4*t. Let n be p(11). What is the greatest common factor of n and 2?
2
Let k = 48 + 8. Let z = 107 - k. Calculate the highest common divisor of 17 and z.
17
Let u be (-4)/28 + 41/(-7). Let f be (-2)/u + 138/18. Let i(v) = -v**3 - v**2 + v + 16. Let b be i(0). Calculate the highest common factor of f and b.
8
Let h(l) = 24*l**2 + 3*l. Let y be h(4). Suppose 0 = 3*i - 2*p - 914 - y, 1345 = 3*i + 5*p. Calculate the greatest common divisor of i and 40.
40
Suppose -3*f + 69 - 24 = 0. Calculate the highest common divisor of f and 615.
15
Suppose 4*g - 138 = 2*y, 0*g + g = 5*y + 48. What is the highest common divisor of g and 33?
33
Let x be 1/(-2) - 55/(-10). Suppose x*z - 22 = 38. Let m = 5 - -1. Calculate the greatest common factor of m and z.
6
Suppose -2*d = -7*d + 85. Suppose 0 = -5*r + 2*c - d + 84, -3*c + 23 = 2*r. Calculate the greatest common factor of r and 91.
13
Let p(b) = -b**3 + 25*b**2 + 36*b - 17. Let u be p(26). Let v(j) = 3*j - 9. Let t be v(12). What is the highest common factor of t and u?
27
Let v(p) = -p**3 + 6*p**2 + 4*p - 3. Let w be v(5). Suppose -449*c + 189 = -446*c. What is the greatest common factor of c and w?
21
Let g(r) be the second derivative of -4*r**3/3 - r**2 + 11*r. Let d be g(-4). What is the greatest common factor of d and 15?
15
Suppose v = l + 18, 6 = v + 3*l - l. Let r be 121 - (-2)/(1 - 2). Let m = r - 77. Calculate the highest common factor of m and v.
14
Let i be (-14 + (-28)/(-6))*30/(-8). Calculate the highest common factor of 189 and i.
7
Suppose -5*m - 2*y + 234 = 0, -99*m + 95*m = -y - 182. Calculate the highest common divisor of 598 and m.
46
Let z be (8 + -12)/((8/46)/(-2)). What is the greatest common factor of 115 and z?
23
Let k = -11 - -14. Suppose -d = -2*g - 8, 4 - 25 = -3*d + 5*g. Suppose l + 21 = 4*s, -k*s + d*s + 10 = -5*l. Calculate the highest common factor of s and 20.
5
Let i be 3/(-30)*-68*5. Calculate the greatest common divisor of i and 221.
17
Suppose 242 = 27*a - 25*a. Suppose 4*i - a = 3*y + 2*y, -i + 39 = -3*y. Calculate the highest common divisor of i and 12.
12
Let x be (-42 - 128)*(-6)/10. What is the highest common factor of x and 18?
6
Suppose -4*v + 12 + 0 = 0. Suppose -924 = v*d - 7*d. Suppose -126 = -5*y - y. Calculate the greatest common factor of y and d.
21
Let h(x) = 3*x - 15. Let n be h(13). Suppose -119 + n = -5*u. What is the highest common divisor of 133 and u?
19
Let q be (42/1)/(-8 + (-68)/(-8)). What is the greatest common divisor of 60 and q?
12
Suppose -n + 482 = 338. Calculate the greatest common factor of n and 54.
18
Let y be 4/(-10) - 4914/(-135). Let p be ((2 - -5) + 3)*6. What is the greatest common divisor of p and y?
12
Let f(x) = -x**3 - 21*x**2 + 71*x - 10. Let a be f(-24). Calculate the greatest common divisor of 98 and a.
14
Let s(l) = 3*l**3 - 2*l**2 - 3*l + 26. Let p be s(7). What is the greatest common divisor of p and 117?
117
Let r(i) = -2*i**3 - 8*i**2 + 11*i + 15. Let h be r(-5). Calculate the greatest common divisor of 50 and h.
10
Let n = 672 + -630. Calculate the greatest common divisor of 56 and n.
14
Let x(j) = 2*j**2 - 28*j - 13. Let b be x(17). Let r = 127 + b. Calculate the greatest common factor of r and 27.
27
Let g(t) = 2*t**2 - t + 17. Let m(r) = r**2 + 18. Let h(u) = 6*g(u) - 5*m(u). Let v be h(2). What is the greatest common factor of v and 42?
14
Let c(q) = q**2 - 11*q - 3. Let s be c(-7). Suppose -7*a